{"id":1062,"date":"2018-10-10T18:27:55","date_gmt":"2018-10-10T18:27:55","guid":{"rendered":"http:\/\/www.radirofestival.ro\/?page_id=1062"},"modified":"2018-11-04T06:21:17","modified_gmt":"2018-11-04T06:21:17","slug":"echipa","status":"publish","type":"page","link":"https:\/\/www.radirofestival.ro\/?page_id=1062","title":{"rendered":"Echipa"},"content":{"rendered":"<p><strong><span style=\"color: #ff9900;\">Liliana Staicu<\/span><\/strong>: Coodonator festival<br \/>\n<strong><span style=\"color: #ff9900;\">Cristina Niculescu (B\u0103rbulescu)<\/span><\/strong>: Coordonator Marketing<br \/>\n<strong><span style=\"color: #ff9900;\">Noemi Vidu<\/span><\/strong>: Produc\u0103tor<br \/>\n<strong><span style=\"color: #ff9900;\">Andreea \u021aar\u0103lung\u0103<\/span><\/strong>: Produc\u0103tor<br \/>\n<strong><span style=\"color: #ff9900;\">Graziella Duma-Menghire\u0219<\/span><\/strong>: Produc\u0103tor \u015fi Consilier de presa<br \/>\n<strong><span style=\"color: #ff9900;\">Elvira Ivana<\/span><\/strong>: Consilier economic<br \/>\n<strong><span style=\"color: #ff9900;\">Corina \u021aurcan<\/span><\/strong>: Specialist PR (parteneriate media \u0219i institu\u021bionale)<br \/>\n<strong><span style=\"color: #ff9900;\">Corina Dima<\/span><\/strong>:\u00a0Specialist Social Media<br \/>\n<span style=\"color: #ff9900;\"><strong>Irina Ungureanu<\/strong><\/span>: Traduc\u0103tor<br \/>\n<strong><span style=\"color: #ff9900;\">Augustin Niculescu<\/span><\/strong>: Art Director<br \/>\n<strong><span style=\"color: #ff9900;\">Cosmin Ivan<\/span><\/strong>: Webdesigner<br \/>\n<strong><span style=\"color: #ff9900;\">Luciana Ging\u0103ra\u0219u<\/span><\/strong>: Fotograf \u015fi produc\u0163ie video<br \/>\n<span style=\"color: #ff9900;\"><strong>Alexandru Dolea<\/strong><\/span>: Fotograf<\/p>\n","protected":false},"excerpt":{"rendered":"<p>Liliana Staicu: Coodonator festival Cristina Niculescu (B\u0103rbulescu): Coordonator Marketing Noemi Vidu: Produc\u0103tor Andreea \u021aar\u0103lung\u0103: Produc\u0103tor Graziella Duma-Menghire\u0219: Produc\u0103tor \u015fi Consilier de presa Elvira Ivana: Consilier economic Corina \u021aurcan: Specialist PR (parteneriate media \u0219i institu\u021bionale) Corina Dima:\u00a0Specialist Social Media Irina Ungureanu: Traduc\u0103tor Augustin Niculescu: Art Director Cosmin Ivan: Webdesigner Luciana Ging\u0103ra\u0219u: Fotograf \u015fi produc\u0163ie video Alexandru &hellip; <\/p>\n","protected":false},"author":1,"featured_media":0,"parent":0,"menu_order":0,"comment_status":"closed","ping_status":"closed","template":"","meta":[],"_links":{"self":[{"href":"https:\/\/www.radirofestival.ro\/index.php?rest_route=\/wp\/v2\/pages\/1062"}],"collection":[{"href":"https:\/\/www.radirofestival.ro\/index.php?rest_route=\/wp\/v2\/pages"}],"about":[{"href":"https:\/\/www.radirofestival.ro\/index.php?rest_route=\/wp\/v2\/types\/page"}],"author":[{"embeddable":true,"href":"https:\/\/www.radirofestival.ro\/index.php?rest_route=\/wp\/v2\/users\/1"}],"replies":[{"embeddable":true,"href":"https:\/\/www.radirofestival.ro\/index.php?rest_route=%2Fwp%2Fv2%2Fcomments&post=1062"}],"version-history":[{"count":4,"href":"https:\/\/www.radirofestival.ro\/index.php?rest_route=\/wp\/v2\/pages\/1062\/revisions"}],"predecessor-version":[{"id":1341,"href":"https:\/\/www.radirofestival.ro\/index.php?rest_route=\/wp\/v2\/pages\/1062\/revisions\/1341"}],"wp:attachment":[{"href":"https:\/\/www.radirofestival.ro\/index.php?rest_route=%2Fwp%2Fv2%2Fmedia&parent=1062"}],"curies":[{"name":"wp","href":"https:\/\/api.w.org\/{rel}","templated":true}]}}

<p><strong><span style="color: #ff9900;">Liliana Staicu</span></strong>: Coodonator festival<br />
<strong><span style="color: #ff9900;">Cristina Niculescu (Bărbulescu)</span></strong>: Coordonator Marketing<br />
<strong><span style="color: #ff9900;">Noemi Vidu</span></strong>: Producător<br />
<strong><span style="color: #ff9900;">Andreea Țarălungă</span></strong>: Producător<br />
<strong><span style="color: #ff9900;">Graziella Duma-Menghireș</span></strong>: Producător şi Consilier de presa<br />
<strong><span style="color: #ff9900;">Elvira Ivana</span></strong>: Consilier economic<br />
<strong><span style="color: #ff9900;">Corina Țurcan</span></strong>: Specialist PR (parteneriate media și instituționale)<br />
<strong><span style="color: #ff9900;">Corina Dima</span></strong>: Specialist Social Media<br />
<span style="color: #ff9900;"><strong>Irina Ungureanu</strong></span>: Traducător<br />
<strong><span style="color: #ff9900;">Augustin Niculescu</span></strong>: Art Director<br />
<strong><span style="color: #ff9900;">Cosmin Ivan</span></strong>: Webdesigner<br />
<strong><span style="color: #ff9900;">Luciana Gingărașu</span></strong>: Fotograf şi producţie video<br />
<span style="color: #ff9900;"><strong>Alexandru Dolea</strong></span>: Fotograf</p>

<p>Liliana Staicu: Coodonator festival Cristina Niculescu (Bărbulescu): Coordonator Marketing Noemi Vidu: Producător Andreea Țarălungă: Producător Graziella Duma-Menghireș: Producător şi Consilier de presa Elvira Ivana: Consilier economic Corina Țurcan: Specialist PR (parteneriate media și instituționale) Corina Dima: Specialist Social Media Irina Ungureanu: Traducător Augustin Niculescu: Art Director Cosmin Ivan: Webdesigner Luciana Gingărașu: Fotograf şi producţie video Alexandru &hellip; </p>
