{"id":183,"date":"2018-09-20T23:27:11","date_gmt":"2018-09-20T23:27:11","guid":{"rendered":"http:\/\/www.radirofestival.ro\/?page_id=183"},"modified":"2018-11-22T16:14:38","modified_gmt":"2018-11-22T16:14:38","slug":"first-page","status":"publish","type":"page","link":"https:\/\/www.radirofestival.ro\/?page_id=183&lang=en","title":{"rendered":"First Page"},"content":{"rendered":"<section class=\"widget_text widget widget_custom_html\">\n<h2 class=\"widget-title\">Festival Programme &#8211; November 2018<\/h2>\n<p>    <!-- Header Afise Grid--><\/p>\n<div class=\"header_afise\">\n<div style=\"margin: auto; padding: 0px;\">\n<div class=\"infasuratorMP\">\n<section>\n<div><a href=\"https:\/\/www.radirofestival.ro\/?page_id=925&#038;lang=en\">18<\/a><\/div>\n<\/section>\n<section>\n<div><a href=\"https:\/\/www.radirofestival.ro\/?page_id=583&#038;lang=en\">19<\/a><\/div>\n<\/section>\n<section>\n<div><a href=\"https:\/\/www.radirofestival.ro\/?page_id=585&#038;lang=en\">20<\/a><\/div>\n<\/section>\n<section>\n<div><a href=\"https:\/\/www.radirofestival.ro\/?page_id=587&#038;lang=en\">21<\/a><\/div>\n<\/section>\n<section>\n<div><a href=\"https:\/\/www.radirofestival.ro\/?page_id=589&#038;lang=en\">22<\/a><\/div>\n<\/section>\n<section>\n<div><a href=\"https:\/\/www.radirofestival.ro\/?page_id=591&#038;lang=en\">23<\/a><\/div>\n<\/section>\n<section>\n<div><a href=\"https:\/\/www.radirofestival.ro\/?page_id=593&#038;lang=en\">24<\/a><\/div>\n<\/section>\n<section>\n<div><a href=\"https:\/\/www.radirofestival.ro\/?page_id=595&#038;lang=en\">25<\/a><\/div>\n<\/section><\/div>\n<\/p><\/div>\n<\/p><\/div>\n<p>    <!-- Afise Grid --><\/p>\n<div class=\"row_afise\">\n<div class=\"column_afise\">\n            <a href=\"https:\/\/www.radirofestival.ro\/?p=1088&#038;lang=en\"><img src=\"wp-content\/uploads\/2018\/10\/POSTER-RADIRO-2018.jpg\" alt=\"RadiRo\" class=\"shadow_afise\" style=\"width:100%\"><\/a>\n        <\/div>\n<div class=\"column_afise\">\n            <a href=\"https:\/\/www.radirofestival.ro\/?page_id=925&#038;lang=en\"><img src=\"\/wp-content\/uploads\/2018\/11\/01_simfonic_18_noiembrie_plasme.jpg\" alt=\"18 symphonic\" class=\"shadow_afise\" style=\"width:100%\"><\/a>\n        <\/div>\n<div class=\"column_afise\">\n            <a href=\"https:\/\/www.radirofestival.ro\/?page_id=583&#038;lang=en\"><img src=\"\/wp-content\/uploads\/2018\/11\/02_simfonic_19_noiembrie_plasme.jpg\" alt=\"19 symphonic\" class=\"shadow_afise\" style=\"width:100%\"><\/a>\n        <\/div>\n<div class=\"column_afise\">\n            <a href=\"https:\/\/www.radirofestival.ro\/?page_id=585&#038;lang=en\"><img src=\"\/wp-content\/uploads\/2018\/11\/03_simfonic_20_noiembrie_plasme.jpg\" alt=\"20 symphonic\" class=\"shadow_afise\" style=\"width:100%\"><\/a>\n        <\/div>\n<div class=\"column_afise\">\n            <a href=\"https:\/\/www.radirofestival.ro\/?page_id=587&#038;lang=en\"><img src=\"\/wp-content\/uploads\/2018\/11\/04_simfonic_21_noiembrie_plasme.jpg\" alt=\"21 symphonic\" class=\"shadow_afise\" style=\"width:100%\"><\/a>\n        <\/div>\n<div class=\"column_afise\">\n            <a href=\"https:\/\/www.radirofestival.ro\/?page_id=589&#038;lang=en\"><img src=\"\/wp-content\/uploads\/2018\/11\/05_simfonic_22_noiembrie_plasme.jpg\" alt=\"22 symphonic\" class=\"shadow_afise\" style=\"width:100%\"><\/a>\n        <\/div>\n<div class=\"column_afise\">\n            <a href=\"https:\/\/www.radirofestival.ro\/?page_id=591&#038;lang=en\"><img src=\"\/wp-content\/uploads\/2018\/11\/06_simfonic_23_noiembrie_plasme.jpg\" alt=\"23 symphonic\" class=\"shadow_afise\" style=\"width:100%\"><\/a>\n        <\/div>\n<div class=\"column_afise\">\n            <a href=\"https:\/\/www.radirofestival.ro\/?page_id=593&#038;lang=en\"><img src=\"\/wp-content\/uploads\/2018\/11\/\nConcert-24-noiembrie-_mic.jpg\" alt=\"24 symphonic\" class=\"shadow_afise\" style=\"width:100%\"><\/a>\n        <\/div>\n<div class=\"column_afise\">\n            <a href=\"https:\/\/www.radirofestival.ro\/?page_id=587&#038;lang=en\"><img src=\"\/wp-content\/uploads\/2018\/11\/09_jazz_21_si_24_noiembrie_FB.jpg\" alt=\"21 and 24 jazz\" class=\"shadow_afise\" style=\"width:100%\"><\/a>\n        <\/div>\n<div class=\"column_afise\">\n            <a href=\"https:\/\/www.radirofestival.ro\/?page_id=595&#038;lang=en\"><img src=\"\/wp-content\/uploads\/2018\/11\/08_simfonic_25_noiembrie_plasme.jpg\" alt=\"25 symphonic\" class=\"shadow_afise\" style=\"width:100%\"><\/a>\n        <\/div>\n<div class=\"column_afise\">\n            <a href=\"https:\/\/www.radirofestival.ro\/?page_id=589&#038;lang=en\"><img src=\"\/wp-content\/uploads\/2018\/11\/10_jazz_22_noiembrie_plasme.jpg\" alt=\"22 jazz\" class=\"shadow_afise\" style=\"width:100%\"><\/a>\n        <\/div>\n<div class=\"column_afise\">\n            <a href=\"https:\/\/www.radirofestival.ro\/?page_id=591&#038;lang=en\"><img src=\"\/wp-content\/uploads\/2018\/11\/11_jazz_23_noiembrie_plasme.jpg\" alt=\"24 jazz\" class=\"shadow_afise\" style=\"width:100%\"><\/a>\n        <\/div>\n<\/p><\/div>\n<\/section>\n<section class=\"widget_text widget widget_custom_html\">\n<h2 class=\"widget-title\">About RadiRo<\/h2>\n<div style=\"margin: auto; padding: 0px;\">\n<div style=\"font-size: 14px;\">\nRadiRo\u00a0is the only festival dedicated to radio orchestras in Europe and across the world, an event produced and organized by Radio Romania every two years.<\/p>\n<p>The 4th\u00a0edition of the Festival will take place from November 18th\u00a0to November 25th, 2018, and will comprise two sections: symphonic concerts \u2013 hosted at the Romanian Radio Hall, and, a premiere at the current edition, jazz concerts \u2013 scheduled at the MNAR Auditorium Hall (The National Museum of Art of Romania).<\/p>\n<p>This 4th\u00a0edition of the RadiRo Festival is intended to highlight two major events of the year \u2013 the celebration of the 90th\u00a0anniversary of Radio Romania (November 1st), and Romania\u2019s Centenary (100 years since the Great Union).<\/p>\n<p>All concerts performed during the Festival will be broadcast live by Radio Romania, recorded and broadcast later by the Romanian Television. Concerts will be taken over and broadcast by the radio members of the European Broadcasting Union.\n            <\/p><\/div>\n<\/p><\/div>\n<\/section>\n<div id=\"secondary\" class=\"widget-area mainPG\" style=\"margin: auto; padding: 20px;\">\n<section class=\"widget_text widget widget_custom_html\">\n<h2 class=\"widget-title\">Book ticket<\/h2>\n<div class=\"textwidget custom-html-widget\">\n            <a href=\"https:\/\/www.bilete.ro\/\" target=\"_blank\"><img loading=\"lazy\" src=\"\/wp-content\/uploads\/2018\/09\/biletero_logo_white_optimized.png\"\n                    alt=\"bilete.ro\" height=\"41\" width=\"265\"><\/a><\/p>\n<p>            Tickets are available on <a href=\"https:\/\/www.bilete.ro\/\" target=\"_blank\">www.bilete.ro<\/a>, in the<br \/>\n            Romanian Post Offices, in the Inmedio stores signaled bilete.ro and the Ticket Office of the Radio Hall.\n        <\/div>\n<\/section>\n<section class=\"widget_text widget widget_custom_html\">\n<h2 class=\"widget-title\">Radio Hall &#8211; Symphonic Concerts<\/h2>\n<div class=\"textwidget custom-html-widget\">\n            <strong>Ticket Office of the Radio Hall<\/strong><br \/>\n            <br \/>\n            <strong>Telephone: +4 (0)21 314.68.00<\/strong><\/p>\n<p style=\"color:#F75D59\">Access to concerts is NOT allowed for children under the age of 6.<\/p>\n<h6><a href=\"http:\/\/www.salaradio.ro\"><strong>www.salaradio.ro<\/strong><\/a><\/h6>\n<div style=\"text-align: center;\"><a href=\"http:\/\/www.salaradio.ro\/?page_id=386\"><img loading=\"lazy\" src=\"\/wp-content\/uploads\/2018\/09\/LOGO_PL_NUM_wht.png\"\n                        alt=\"Radio Hall Seats Numbering Plan\" height=\"189\" width=\"200\"><\/a><\/div>\n<\/p><\/div>\n<\/section>\n<section class=\"widget_text widget widget_custom_html\">\n<h2 class=\"widget-title\">MNAR Auditorium Hall &#8211; Jazz Concerts<\/h2>\n<div class=\"textwidget custom-html-widget\">\n            <strong>Address: <\/strong>Str. \u015etirbei Vod\u0103 nr. 1, Bucure\u015fti<br \/>\n            <br \/>\n            <strong>Telephone: <\/strong>+4 (0)21.312.15.06<\/p>\n<p style=\"color:#F75D59\">Access to concerts is NOT allowed for children under the age of 6.<\/p>\n<h6><a href=\"http:\/\/www.mnar.arts.ro\/servicii\/16-auditorium\"><strong>MNAR Auditorium Hall<\/strong> (The<br \/>\n                    National Museum of Art of Romania)<\/a><\/h6>\n<div style=\"text-align: center;\"><a href=\"http:\/\/www.mnar.arts.ro\/servicii\/16-auditorium\"><img loading=\"lazy\" src=\"\/wp-content\/uploads\/2018\/09\/MNaR-logo.png\"\n                        alt=\"MNAR Auditorium Hall\" height=\"189\" width=\"200\"><\/a><\/div>\n<\/p><\/div>\n<\/section>\n<\/div>\n","protected":false},"excerpt":{"rendered":"<p>Festival Programme &#8211; November 2018 18 19 20 21 22 23 24 25 About RadiRo RadiRo\u00a0is the only festival dedicated to radio orchestras in Europe and across the world, an event produced and organized by Radio Romania every two years. The 4th\u00a0edition of the Festival will take place from November 18th\u00a0to November 25th, 2018, and &hellip; <\/p>\n","protected":false},"author":1,"featured_media":0,"parent":0,"menu_order":0,"comment_status":"closed","ping_status":"closed","template":"","meta":[],"_links":{"self":[{"href":"https:\/\/www.radirofestival.ro\/index.php?rest_route=\/wp\/v2\/pages\/183"}],"collection":[{"href":"https:\/\/www.radirofestival.ro\/index.php?rest_route=\/wp\/v2\/pages"}],"about":[{"href":"https:\/\/www.radirofestival.ro\/index.php?rest_route=\/wp\/v2\/types\/page"}],"author":[{"embeddable":true,"href":"https:\/\/www.radirofestival.ro\/index.php?rest_route=\/wp\/v2\/users\/1"}],"replies":[{"embeddable":true,"href":"https:\/\/www.radirofestival.ro\/index.php?rest_route=%2Fwp%2Fv2%2Fcomments&post=183"}],"version-history":[{"count":20,"href":"https:\/\/www.radirofestival.ro\/index.php?rest_route=\/wp\/v2\/pages\/183\/revisions"}],"predecessor-version":[{"id":1458,"href":"https:\/\/www.radirofestival.ro\/index.php?rest_route=\/wp\/v2\/pages\/183\/revisions\/1458"}],"wp:attachment":[{"href":"https:\/\/www.radirofestival.ro\/index.php?rest_route=%2Fwp%2Fv2%2Fmedia&parent=183"}],"curies":[{"name":"wp","href":"https:\/\/api.w.org\/{rel}","templated":true}]}}

<section class="widget_text widget widget_custom_html">
<h2 class="widget-title">Festival Programme &#8211; November 2018</h2>
<p>    <!-- Header Afise Grid--></p>
<div class="header_afise">
<div style="margin: auto; padding: 0px;">
<div class="infasuratorMP">
<section>
<div><a href="https://www.radirofestival.ro/?page_id=925&#038;lang=en">18</a></div>
</section>
<section>
<div><a href="https://www.radirofestival.ro/?page_id=583&#038;lang=en">19</a></div>
</section>
<section>
<div><a href="https://www.radirofestival.ro/?page_id=585&#038;lang=en">20</a></div>
</section>
<section>
<div><a href="https://www.radirofestival.ro/?page_id=587&#038;lang=en">21</a></div>
</section>
<section>
<div><a href="https://www.radirofestival.ro/?page_id=589&#038;lang=en">22</a></div>
</section>
<section>
<div><a href="https://www.radirofestival.ro/?page_id=591&#038;lang=en">23</a></div>
</section>
<section>
<div><a href="https://www.radirofestival.ro/?page_id=593&#038;lang=en">24</a></div>
</section>
<section>
<div><a href="https://www.radirofestival.ro/?page_id=595&#038;lang=en">25</a></div>
</section></div>
</p></div>
</p></div>
<p>    <!-- Afise Grid --></p>
<div class="row_afise">
<div class="column_afise">
            <a href="https://www.radirofestival.ro/?p=1088&#038;lang=en"><img src="wp-content/uploads/2018/10/POSTER-RADIRO-2018.jpg" alt="RadiRo" class="shadow_afise" style="width:100%"></a>
        </div>
<div class="column_afise">
            <a href="https://www.radirofestival.ro/?page_id=925&#038;lang=en"><img src="/wp-content/uploads/2018/11/01_simfonic_18_noiembrie_plasme.jpg" alt="18 symphonic" class="shadow_afise" style="width:100%"></a>
        </div>
<div class="column_afise">
            <a href="https://www.radirofestival.ro/?page_id=583&#038;lang=en"><img src="/wp-content/uploads/2018/11/02_simfonic_19_noiembrie_plasme.jpg" alt="19 symphonic" class="shadow_afise" style="width:100%"></a>
        </div>
<div class="column_afise">
            <a href="https://www.radirofestival.ro/?page_id=585&#038;lang=en"><img src="/wp-content/uploads/2018/11/03_simfonic_20_noiembrie_plasme.jpg" alt="20 symphonic" class="shadow_afise" style="width:100%"></a>
        </div>
<div class="column_afise">
            <a href="https://www.radirofestival.ro/?page_id=587&#038;lang=en"><img src="/wp-content/uploads/2018/11/04_simfonic_21_noiembrie_plasme.jpg" alt="21 symphonic" class="shadow_afise" style="width:100%"></a>
        </div>
<div class="column_afise">
            <a href="https://www.radirofestival.ro/?page_id=589&#038;lang=en"><img src="/wp-content/uploads/2018/11/05_simfonic_22_noiembrie_plasme.jpg" alt="22 symphonic" class="shadow_afise" style="width:100%"></a>
        </div>
<div class="column_afise">
            <a href="https://www.radirofestival.ro/?page_id=591&#038;lang=en"><img src="/wp-content/uploads/2018/11/06_simfonic_23_noiembrie_plasme.jpg" alt="23 symphonic" class="shadow_afise" style="width:100%"></a>
        </div>
<div class="column_afise">
            <a href="https://www.radirofestival.ro/?page_id=593&#038;lang=en"><img src="/wp-content/uploads/2018/11/
Concert-24-noiembrie-_mic.jpg" alt="24 symphonic" class="shadow_afise" style="width:100%"></a>
        </div>
<div class="column_afise">
            <a href="https://www.radirofestival.ro/?page_id=587&#038;lang=en"><img src="/wp-content/uploads/2018/11/09_jazz_21_si_24_noiembrie_FB.jpg" alt="21 and 24 jazz" class="shadow_afise" style="width:100%"></a>
        </div>
<div class="column_afise">
            <a href="https://www.radirofestival.ro/?page_id=595&#038;lang=en"><img src="/wp-content/uploads/2018/11/08_simfonic_25_noiembrie_plasme.jpg" alt="25 symphonic" class="shadow_afise" style="width:100%"></a>
        </div>
<div class="column_afise">
            <a href="https://www.radirofestival.ro/?page_id=589&#038;lang=en"><img src="/wp-content/uploads/2018/11/10_jazz_22_noiembrie_plasme.jpg" alt="22 jazz" class="shadow_afise" style="width:100%"></a>
        </div>
<div class="column_afise">
            <a href="https://www.radirofestival.ro/?page_id=591&#038;lang=en"><img src="/wp-content/uploads/2018/11/11_jazz_23_noiembrie_plasme.jpg" alt="24 jazz" class="shadow_afise" style="width:100%"></a>
        </div>
</p></div>
</section>
<section class="widget_text widget widget_custom_html">
<h2 class="widget-title">About RadiRo</h2>
<div style="margin: auto; padding: 0px;">
<div style="font-size: 14px;">
RadiRo is the only festival dedicated to radio orchestras in Europe and across the world, an event produced and organized by Radio Romania every two years.</p>
<p>The 4th edition of the Festival will take place from November 18th to November 25th, 2018, and will comprise two sections: symphonic concerts – hosted at the Romanian Radio Hall, and, a premiere at the current edition, jazz concerts – scheduled at the MNAR Auditorium Hall (The National Museum of Art of Romania).</p>
<p>This 4th edition of the RadiRo Festival is intended to highlight two major events of the year – the celebration of the 90th anniversary of Radio Romania (November 1st), and Romania’s Centenary (100 years since the Great Union).</p>
<p>All concerts performed during the Festival will be broadcast live by Radio Romania, recorded and broadcast later by the Romanian Television. Concerts will be taken over and broadcast by the radio members of the European Broadcasting Union.
            </p></div>
</p></div>
</section>
<div id="secondary" class="widget-area mainPG" style="margin: auto; padding: 20px;">
<section class="widget_text widget widget_custom_html">
<h2 class="widget-title">Book ticket</h2>
<div class="textwidget custom-html-widget">
            <a href="https://www.bilete.ro/" target="_blank"><img loading="lazy" src="/wp-content/uploads/2018/09/biletero_logo_white_optimized.png"
                    alt="bilete.ro" height="41" width="265"></a></p>
<p>            Tickets are available on <a href="https://www.bilete.ro/" target="_blank">www.bilete.ro</a>, in the<br />
            Romanian Post Offices, in the Inmedio stores signaled bilete.ro and the Ticket Office of the Radio Hall.
        </div>
</section>
<section class="widget_text widget widget_custom_html">
<h2 class="widget-title">Radio Hall &#8211; Symphonic Concerts</h2>
<div class="textwidget custom-html-widget">
            <strong>Ticket Office of the Radio Hall</strong><br />
            <br />
            <strong>Telephone: +4 (0)21 314.68.00</strong></p>
<p style="color:#F75D59">Access to concerts is NOT allowed for children under the age of 6.</p>
<h6><a href="http://www.salaradio.ro"><strong>www.salaradio.ro</strong></a></h6>
<div style="text-align: center;"><a href="http://www.salaradio.ro/?page_id=386"><img loading="lazy" src="/wp-content/uploads/2018/09/LOGO_PL_NUM_wht.png"
                        alt="Radio Hall Seats Numbering Plan" height="189" width="200"></a></div>
</p></div>
</section>
<section class="widget_text widget widget_custom_html">
<h2 class="widget-title">MNAR Auditorium Hall &#8211; Jazz Concerts</h2>
<div class="textwidget custom-html-widget">
            <strong>Address: </strong>Str. Ştirbei Vodă nr. 1, Bucureşti<br />
            <br />
            <strong>Telephone: </strong>+4 (0)21.312.15.06</p>
<p style="color:#F75D59">Access to concerts is NOT allowed for children under the age of 6.</p>
<h6><a href="http://www.mnar.arts.ro/servicii/16-auditorium"><strong>MNAR Auditorium Hall</strong> (The<br />
                    National Museum of Art of Romania)</a></h6>
<div style="text-align: center;"><a href="http://www.mnar.arts.ro/servicii/16-auditorium"><img loading="lazy" src="/wp-content/uploads/2018/09/MNaR-logo.png"
                        alt="MNAR Auditorium Hall" height="189" width="200"></a></div>
</p></div>
</section>
</div>
