{"id":262,"date":"2018-09-22T09:25:44","date_gmt":"2018-09-22T09:25:44","guid":{"rendered":"http:\/\/www.radirofestival.ro\/?page_id=262"},"modified":"2018-11-09T10:53:34","modified_gmt":"2018-11-09T10:53:34","slug":"dirijorul-vladimir-ashkenazy","status":"publish","type":"page","link":"https:\/\/www.radirofestival.ro\/?page_id=262","title":{"rendered":"Dirijorul Vladimir Ashkenazy"},"content":{"rendered":"<p>&nbsp;<\/p>\n<p><img loading=\"lazy\" class=\"size-medium wp-image-382 alignleft\" src=\"https:\/\/www.radirofestival.ro\/wp-content\/uploads\/2018\/09\/Vladimir_Ashkenazy_DIRIJOR-2-credit-Fred-Toulet-236x300.jpg\" alt=\"\" width=\"236\" height=\"300\" srcset=\"https:\/\/www.radirofestival.ro\/wp-content\/uploads\/2018\/09\/Vladimir_Ashkenazy_DIRIJOR-2-credit-Fred-Toulet-236x300.jpg 236w, https:\/\/www.radirofestival.ro\/wp-content\/uploads\/2018\/09\/Vladimir_Ashkenazy_DIRIJOR-2-credit-Fred-Toulet-768x977.jpg 768w, https:\/\/www.radirofestival.ro\/wp-content\/uploads\/2018\/09\/Vladimir_Ashkenazy_DIRIJOR-2-credit-Fred-Toulet.jpg 800w\" sizes=\"(max-width: 236px) 100vw, 236px\" \/><\/p>\n<p>Muzician iubit \u0219i respectat pretutindeni \u00een lume, cu o carier\u0103 extraordinar\u0103 care \u00eel plaseaz\u0103 \u00een elita pianisticii mondiale, Vladimir Ashkenazy s-a impus \u0219i ca unul dintre cei mai rafina\u021bi \u0219efi de orchestr\u0103.<br \/>\n\u00cen prezent este prim-dirijor invitat al Orchestrei Elve\u021biei italiene \u0219i dirijor laureat al altor mari orchestre: Philharmonia, NHK Symphony, Iceland Symphony. Din aceast\u0103 var\u0103, Vladimir Ashkenazy ocup\u0103 aceea\u0219i pozi\u021bie \u0219i pentru Sydney Symphony Orchestra. A inspirat \u0219i format noi genera\u021bii de muzicieni \u00een lunga perioad\u0103 \u00een care a fost dirijor \u0219i director muzical al Orchestrei de Tineret a Uniunii Europene.<\/p>\n<p>Discografia bogat\u0103 \u0219i variat\u0103 a lui Vladimir Ashkenazy este foarte pre\u021buit\u0103 de melomani \u0219i speciali\u0219ti.Casa de discuri Decca a marcat, \u00een 2017, a 80-a aniversare a prolificului artist prin lansarea unui nou album cu Suitele franceze de Bach, a dou\u0103 cofrete de colec\u021bie &#8211; cu toate concertele \u00eenregistrate \u0219i o selec\u021bie personal\u0103 a interpretului cu lucr\u0103ri solo \u0219i camerale &#8211; \u0219i prin reeditarea a \u0219ase \u00eenregistr\u0103ri legendare de pe discuri vinil.<\/p>\n<p>&nbsp;<\/p>\n<p>&nbsp;<\/p>\n<p>&nbsp;<\/p>\n<ul>\n<li><em>credit photo:\u00a0Fred-Toulet ,Chopin-Society-of-Hong-Kong<\/em><\/li>\n<\/ul>\n","protected":false},"excerpt":{"rendered":"<p>&nbsp; Muzician iubit \u0219i respectat pretutindeni \u00een lume, cu o carier\u0103 extraordinar\u0103 care \u00eel plaseaz\u0103 \u00een elita pianisticii mondiale, Vladimir Ashkenazy s-a impus \u0219i ca unul dintre cei mai rafina\u021bi \u0219efi de orchestr\u0103. \u00cen prezent este prim-dirijor invitat al Orchestrei Elve\u021biei italiene \u0219i dirijor laureat al altor mari orchestre: Philharmonia, NHK Symphony, Iceland Symphony. Din &hellip; <\/p>\n","protected":false},"author":2,"featured_media":380,"parent":0,"menu_order":0,"comment_status":"closed","ping_status":"closed","template":"","meta":[],"_links":{"self":[{"href":"https:\/\/www.radirofestival.ro\/index.php?rest_route=\/wp\/v2\/pages\/262"}],"collection":[{"href":"https:\/\/www.radirofestival.ro\/index.php?rest_route=\/wp\/v2\/pages"}],"about":[{"href":"https:\/\/www.radirofestival.ro\/index.php?rest_route=\/wp\/v2\/types\/page"}],"author":[{"embeddable":true,"href":"https:\/\/www.radirofestival.ro\/index.php?rest_route=\/wp\/v2\/users\/2"}],"replies":[{"embeddable":true,"href":"https:\/\/www.radirofestival.ro\/index.php?rest_route=%2Fwp%2Fv2%2Fcomments&post=262"}],"version-history":[{"count":3,"href":"https:\/\/www.radirofestival.ro\/index.php?rest_route=\/wp\/v2\/pages\/262\/revisions"}],"predecessor-version":[{"id":1445,"href":"https:\/\/www.radirofestival.ro\/index.php?rest_route=\/wp\/v2\/pages\/262\/revisions\/1445"}],"wp:featuredmedia":[{"embeddable":true,"href":"https:\/\/www.radirofestival.ro\/index.php?rest_route=\/wp\/v2\/media\/380"}],"wp:attachment":[{"href":"https:\/\/www.radirofestival.ro\/index.php?rest_route=%2Fwp%2Fv2%2Fmedia&parent=262"}],"curies":[{"name":"wp","href":"https:\/\/api.w.org\/{rel}","templated":true}]}}