{"id":266,"date":"2018-09-22T09:27:01","date_gmt":"2018-09-22T09:27:01","guid":{"rendered":"http:\/\/www.radirofestival.ro\/?page_id=266"},"modified":"2018-09-24T16:29:15","modified_gmt":"2018-09-24T16:29:15","slug":"dirijorul-jean-claude-casadesus","status":"publish","type":"page","link":"https:\/\/www.radirofestival.ro\/?page_id=266","title":{"rendered":"Dirijorul Jean-Claude Casadesus"},"content":{"rendered":"<p><img loading=\"lazy\" class=\"size-medium wp-image-373 alignleft\" src=\"https:\/\/www.radirofestival.ro\/wp-content\/uploads\/2018\/09\/Jean-Claude-Casadesus_DIRIJOR-2-credit-Ugo-Ponte-3-300x201.jpg\" alt=\"\" width=\"300\" height=\"201\" srcset=\"https:\/\/www.radirofestival.ro\/wp-content\/uploads\/2018\/09\/Jean-Claude-Casadesus_DIRIJOR-2-credit-Ugo-Ponte-3-300x201.jpg 300w, https:\/\/www.radirofestival.ro\/wp-content\/uploads\/2018\/09\/Jean-Claude-Casadesus_DIRIJOR-2-credit-Ugo-Ponte-3-768x514.jpg 768w, https:\/\/www.radirofestival.ro\/wp-content\/uploads\/2018\/09\/Jean-Claude-Casadesus_DIRIJOR-2-credit-Ugo-Ponte-3-1024x685.jpg 1024w\" sizes=\"(max-width: 300px) 100vw, 300px\" \/>In paralel cu o cariera interna\u021bional\u0103 de succes, \u00een care a condus orchestre din Asia, cele dou\u0103 Americi \u0219i Europa, <strong>dirijorul Jean-Claude Casadesus<\/strong> s-a impus ca un pilon al vie\u021bii muzicale din Lille, regiunea Hauts-de-France. A r\u0103mas fidel \u00a0Orchestrei Na\u021bionale din Lille, pe care a fondat-o \u00een 1976 \u0219i a dezvoltat \u00een jurul acesteia generoase proiecte muzical-creative \u0219i educa\u021bionale. Cu ansamblul din Lille a \u00eenregistrat peste 30 de albume discografice \u0219i a sus\u021binut turnee \u00een 32 de \u021b\u0103ri.<\/p>\n<p>Familia Casadesus a dat lumii o pleiad\u0103 de muzicieni \u015fi actori. Reprezentant al celei de-a treia genera\u0163ii de arti\u0219ti<em>,<\/em> dirijorul Jean-Claude Casadesus a avut parte, nu de mult, de trei momente aniversare deosebite: \u00eemplinirea v\u00e2rstei de 80 de ani, a unei jum\u0103t\u0103\u021bi de secol de carier\u0103 \u0219i a 40 de ani de la \u00eenfiin\u021barea Orchestrei Na\u021bionale din Lille.<\/p>\n<p>Aprecierea de care se bucur\u0103 muzicianul se reflect\u0103 \u0219i \u00een lungul \u0219ir de distinc\u021bii: Commandeur de la L\u00e9gion d&#8217;Honneur, Grand Officier de l&#8217;Ordre national du M\u00e9rite, Commandeur des Arts et Lettres, Commandeur de l&#8217;Ordre d&#8217;Orange-Nassau \u0219.a.<\/p>\n<p>&nbsp;<\/p>\n<ul>\n<li><em>credit photo:\u00a0Ugo-Ponte<\/em><\/li>\n<\/ul>\n<p>&nbsp;<\/p>\n","protected":false},"excerpt":{"rendered":"<p>In paralel cu o cariera interna\u021bional\u0103 de succes, \u00een care a condus orchestre din Asia, cele dou\u0103 Americi \u0219i Europa, dirijorul Jean-Claude Casadesus s-a impus ca un pilon al vie\u021bii muzicale din Lille, regiunea Hauts-de-France. A r\u0103mas fidel \u00a0Orchestrei Na\u021bionale din Lille, pe care a fondat-o \u00een 1976 \u0219i a dezvoltat \u00een jurul acesteia generoase &hellip; <\/p>\n","protected":false},"author":2,"featured_media":370,"parent":0,"menu_order":0,"comment_status":"closed","ping_status":"closed","template":"","meta":[],"_links":{"self":[{"href":"https:\/\/www.radirofestival.ro\/index.php?rest_route=\/wp\/v2\/pages\/266"}],"collection":[{"href":"https:\/\/www.radirofestival.ro\/index.php?rest_route=\/wp\/v2\/pages"}],"about":[{"href":"https:\/\/www.radirofestival.ro\/index.php?rest_route=\/wp\/v2\/types\/page"}],"author":[{"embeddable":true,"href":"https:\/\/www.radirofestival.ro\/index.php?rest_route=\/wp\/v2\/users\/2"}],"replies":[{"embeddable":true,"href":"https:\/\/www.radirofestival.ro\/index.php?rest_route=%2Fwp%2Fv2%2Fcomments&post=266"}],"version-history":[{"count":2,"href":"https:\/\/www.radirofestival.ro\/index.php?rest_route=\/wp\/v2\/pages\/266\/revisions"}],"predecessor-version":[{"id":764,"href":"https:\/\/www.radirofestival.ro\/index.php?rest_route=\/wp\/v2\/pages\/266\/revisions\/764"}],"wp:featuredmedia":[{"embeddable":true,"href":"https:\/\/www.radirofestival.ro\/index.php?rest_route=\/wp\/v2\/media\/370"}],"wp:attachment":[{"href":"https:\/\/www.radirofestival.ro\/index.php?rest_route=%2Fwp%2Fv2%2Fmedia&parent=266"}],"curies":[{"name":"wp","href":"https:\/\/api.w.org\/{rel}","templated":true}]}}

<p><img loading="lazy" class="size-medium wp-image-373 alignleft" src="https://www.radirofestival.ro/wp-content/uploads/2018/09/Jean-Claude-Casadesus_DIRIJOR-2-credit-Ugo-Ponte-3-300x201.jpg" alt="" width="300" height="201" srcset="https://www.radirofestival.ro/wp-content/uploads/2018/09/Jean-Claude-Casadesus_DIRIJOR-2-credit-Ugo-Ponte-3-300x201.jpg 300w, https://www.radirofestival.ro/wp-content/uploads/2018/09/Jean-Claude-Casadesus_DIRIJOR-2-credit-Ugo-Ponte-3-768x514.jpg 768w, https://www.radirofestival.ro/wp-content/uploads/2018/09/Jean-Claude-Casadesus_DIRIJOR-2-credit-Ugo-Ponte-3-1024x685.jpg 1024w" sizes="(max-width: 300px) 100vw, 300px" />In paralel cu o cariera internațională de succes, în care a condus orchestre din Asia, cele două Americi și Europa, <strong>dirijorul Jean-Claude Casadesus</strong> s-a impus ca un pilon al vieții muzicale din Lille, regiunea Hauts-de-France. A rămas fidel  Orchestrei Naționale din Lille, pe care a fondat-o în 1976 și a dezvoltat în jurul acesteia generoase proiecte muzical-creative și educaționale. Cu ansamblul din Lille a înregistrat peste 30 de albume discografice și a susținut turnee în 32 de țări.</p>
<p>Familia Casadesus a dat lumii o pleiadă de muzicieni şi actori. Reprezentant al celei de-a treia generaţii de artiști<em>,</em> dirijorul Jean-Claude Casadesus a avut parte, nu de mult, de trei momente aniversare deosebite: împlinirea vârstei de 80 de ani, a unei jumătăți de secol de carieră și a 40 de ani de la înființarea Orchestrei Naționale din Lille.</p>
<p>Aprecierea de care se bucură muzicianul se reflectă și în lungul șir de distincții: Commandeur de la Légion d&#8217;Honneur, Grand Officier de l&#8217;Ordre national du Mérite, Commandeur des Arts et Lettres, Commandeur de l&#8217;Ordre d&#8217;Orange-Nassau ș.a.</p>
<p>&nbsp;</p>
<ul>
<li><em>credit photo: Ugo-Ponte</em></li>
</ul>
<p>&nbsp;</p>

<p>In paralel cu o cariera internațională de succes, în care a condus orchestre din Asia, cele două Americi și Europa, dirijorul Jean-Claude Casadesus s-a impus ca un pilon al vieții muzicale din Lille, regiunea Hauts-de-France. A rămas fidel  Orchestrei Naționale din Lille, pe care a fondat-o în 1976 și a dezvoltat în jurul acesteia generoase &hellip; </p>
