{"id":282,"date":"2018-09-22T09:31:23","date_gmt":"2018-09-22T09:31:23","guid":{"rendered":"http:\/\/www.radirofestival.ro\/?page_id=282"},"modified":"2018-09-24T16:39:50","modified_gmt":"2018-09-24T16:39:50","slug":"dirijoarea-nathalie-stutzmann","status":"publish","type":"page","link":"https:\/\/www.radirofestival.ro\/?page_id=282","title":{"rendered":"Dirijoarea Nathalie Stutzmann"},"content":{"rendered":"<p>&nbsp;<\/p>\n<p><img loading=\"lazy\" class=\"size-medium wp-image-361 alignleft\" src=\"https:\/\/www.radirofestival.ro\/wp-content\/uploads\/2018\/09\/Nathalie-Stutzmann_DIRIJOR-2-credit-Brice-Toul-300x200.jpg\" alt=\"\" width=\"300\" height=\"200\" srcset=\"https:\/\/www.radirofestival.ro\/wp-content\/uploads\/2018\/09\/Nathalie-Stutzmann_DIRIJOR-2-credit-Brice-Toul-300x200.jpg 300w, https:\/\/www.radirofestival.ro\/wp-content\/uploads\/2018\/09\/Nathalie-Stutzmann_DIRIJOR-2-credit-Brice-Toul-768x512.jpg 768w, https:\/\/www.radirofestival.ro\/wp-content\/uploads\/2018\/09\/Nathalie-Stutzmann_DIRIJOR-2-credit-Brice-Toul-1024x683.jpg 1024w\" sizes=\"(max-width: 300px) 100vw, 300px\" \/>Nathalie Stutzmann, una dintre personalit\u0103\u0163ile marcante ale zilelor noastre, este o\u00a0 c\u00e2nt\u0103rea\u0163\u0103 renumit\u0103 \u015fi o muzician\u0103 pasionat\u0103 de arta dirijoral\u0103 care combin\u0103 \u00eentr-un mod unic \u015fi carismatic rigoarea, energia \u015fi fantezia, atribute care \u00eei caracterizeaz\u0103 stilul apreciat \u00een egal\u0103 m\u0103sur\u0103 de public \u015fi de critica de specialitate. A studiat la Paris, \u00a0concentr\u00e2ndu-se asupra liedului sub \u00eendrumarea lui Hans Hotter, \u00een timp arta dirijatului a deprins-o de la mari maestri ai baghetei: Jorma Panula, Seiji Ozawa \u015fi Sir Simon Rattle.<\/p>\n<p>Apreciat\u0103 ca \u201ccea mai bun\u0103 voce de contralto din lume\u201d (<em>BR Klassik<\/em>), Nathalie Stutzmann a oferit peste 300 de recitaluri al\u0103turi de pianistul suedez Inger S\u00f6dergren.<\/p>\n<p>\u00cen calitate de dirijor \u015fi-a c\u00e2\u015ftigat reputa\u0163ia \u00een domeniul teatrului liric, o apari\u0163ie notabil\u0103\u00a0 fiind cea din cadrul Festivalului\u00a0 \u201dChor\u00e9gies d\u2019Orange\u201d din Provence (2018). \u00cencep\u00e2nd din stagiunea 2018-2019, Nathalie Stutzmann colaboreaz\u0103 ca dirijor principal cu Orchestra Simfonic\u0103 din Kristiansand &#8211; Norvegia, o pozi\u0163ie care se adaug\u0103 celei de prim-dirijor invitat al Orchestrei Na\u0163ionale Simfonice RT\u00c9, pe care o conduce din septembrie 2017.<\/p>\n<p>&nbsp;<\/p>\n<p>&nbsp;<\/p>\n<ul>\n<li><em>credit photo:\u00a0Brice-Toul,\u00a0Simon-Fowler<\/em><\/li>\n<\/ul>\n","protected":false},"excerpt":{"rendered":"<p>&nbsp; Nathalie Stutzmann, una dintre personalit\u0103\u0163ile marcante ale zilelor noastre, este o\u00a0 c\u00e2nt\u0103rea\u0163\u0103 renumit\u0103 \u015fi o muzician\u0103 pasionat\u0103 de arta dirijoral\u0103 care combin\u0103 \u00eentr-un mod unic \u015fi carismatic rigoarea, energia \u015fi fantezia, atribute care \u00eei caracterizeaz\u0103 stilul apreciat \u00een egal\u0103 m\u0103sur\u0103 de public \u015fi de critica de specialitate. A studiat la Paris, \u00a0concentr\u00e2ndu-se asupra liedului &hellip; <\/p>\n","protected":false},"author":2,"featured_media":363,"parent":0,"menu_order":0,"comment_status":"closed","ping_status":"closed","template":"","meta":[],"_links":{"self":[{"href":"https:\/\/www.radirofestival.ro\/index.php?rest_route=\/wp\/v2\/pages\/282"}],"collection":[{"href":"https:\/\/www.radirofestival.ro\/index.php?rest_route=\/wp\/v2\/pages"}],"about":[{"href":"https:\/\/www.radirofestival.ro\/index.php?rest_route=\/wp\/v2\/types\/page"}],"author":[{"embeddable":true,"href":"https:\/\/www.radirofestival.ro\/index.php?rest_route=\/wp\/v2\/users\/2"}],"replies":[{"embeddable":true,"href":"https:\/\/www.radirofestival.ro\/index.php?rest_route=%2Fwp%2Fv2%2Fcomments&post=282"}],"version-history":[{"count":2,"href":"https:\/\/www.radirofestival.ro\/index.php?rest_route=\/wp\/v2\/pages\/282\/revisions"}],"predecessor-version":[{"id":770,"href":"https:\/\/www.radirofestival.ro\/index.php?rest_route=\/wp\/v2\/pages\/282\/revisions\/770"}],"wp:featuredmedia":[{"embeddable":true,"href":"https:\/\/www.radirofestival.ro\/index.php?rest_route=\/wp\/v2\/media\/363"}],"wp:attachment":[{"href":"https:\/\/www.radirofestival.ro\/index.php?rest_route=%2Fwp%2Fv2%2Fmedia&parent=282"}],"curies":[{"name":"wp","href":"https:\/\/api.w.org\/{rel}","templated":true}]}}

<p>&nbsp;</p>
<p><img loading="lazy" class="size-medium wp-image-361 alignleft" src="https://www.radirofestival.ro/wp-content/uploads/2018/09/Nathalie-Stutzmann_DIRIJOR-2-credit-Brice-Toul-300x200.jpg" alt="" width="300" height="200" srcset="https://www.radirofestival.ro/wp-content/uploads/2018/09/Nathalie-Stutzmann_DIRIJOR-2-credit-Brice-Toul-300x200.jpg 300w, https://www.radirofestival.ro/wp-content/uploads/2018/09/Nathalie-Stutzmann_DIRIJOR-2-credit-Brice-Toul-768x512.jpg 768w, https://www.radirofestival.ro/wp-content/uploads/2018/09/Nathalie-Stutzmann_DIRIJOR-2-credit-Brice-Toul-1024x683.jpg 1024w" sizes="(max-width: 300px) 100vw, 300px" />Nathalie Stutzmann, una dintre personalităţile marcante ale zilelor noastre, este o  cântăreaţă renumită şi o muziciană pasionată de arta dirijorală care combină într-un mod unic şi carismatic rigoarea, energia şi fantezia, atribute care îi caracterizează stilul apreciat în egală măsură de public şi de critica de specialitate. A studiat la Paris,  concentrându-se asupra liedului sub îndrumarea lui Hans Hotter, în timp arta dirijatului a deprins-o de la mari maestri ai baghetei: Jorma Panula, Seiji Ozawa şi Sir Simon Rattle.</p>
<p>Apreciată ca “cea mai bună voce de contralto din lume” (<em>BR Klassik</em>), Nathalie Stutzmann a oferit peste 300 de recitaluri alături de pianistul suedez Inger Södergren.</p>
<p>În calitate de dirijor şi-a câştigat reputaţia în domeniul teatrului liric, o apariţie notabilă  fiind cea din cadrul Festivalului  ”Chorégies d’Orange” din Provence (2018). Începând din stagiunea 2018-2019, Nathalie Stutzmann colaborează ca dirijor principal cu Orchestra Simfonică din Kristiansand &#8211; Norvegia, o poziţie care se adaugă celei de prim-dirijor invitat al Orchestrei Naţionale Simfonice RTÉ, pe care o conduce din septembrie 2017.</p>
<p>&nbsp;</p>
<p>&nbsp;</p>
<ul>
<li><em>credit photo: Brice-Toul, Simon-Fowler</em></li>
</ul>

<p>&nbsp; Nathalie Stutzmann, una dintre personalităţile marcante ale zilelor noastre, este o  cântăreaţă renumită şi o muziciană pasionată de arta dirijorală care combină într-un mod unic şi carismatic rigoarea, energia şi fantezia, atribute care îi caracterizează stilul apreciat în egală măsură de public şi de critica de specialitate. A studiat la Paris,  concentrându-se asupra liedului &hellip; </p>
