{"id":286,"date":"2018-09-22T09:32:25","date_gmt":"2018-09-22T09:32:25","guid":{"rendered":"http:\/\/www.radirofestival.ro\/?page_id=286"},"modified":"2018-09-24T16:41:49","modified_gmt":"2018-09-24T16:41:49","slug":"dirijorul-robert-trevino","status":"publish","type":"page","link":"https:\/\/www.radirofestival.ro\/?page_id=286","title":{"rendered":"Dirijorul Robert Trevino"},"content":{"rendered":"<p>&nbsp;<\/p>\n<p>Unul dintre cei mai aprecia\u0163i tineri dirijori americani ai momentului, <img loading=\"lazy\" class=\"size-medium wp-image-379 alignleft\" src=\"https:\/\/www.radirofestival.ro\/wp-content\/uploads\/2018\/09\/Robert-Trevino-DIRIJOR2-credit-DR-3-1-300x200.jpg\" alt=\"\" width=\"300\" height=\"200\" srcset=\"https:\/\/www.radirofestival.ro\/wp-content\/uploads\/2018\/09\/Robert-Trevino-DIRIJOR2-credit-DR-3-1-300x200.jpg 300w, https:\/\/www.radirofestival.ro\/wp-content\/uploads\/2018\/09\/Robert-Trevino-DIRIJOR2-credit-DR-3-1-768x512.jpg 768w, https:\/\/www.radirofestival.ro\/wp-content\/uploads\/2018\/09\/Robert-Trevino-DIRIJOR2-credit-DR-3-1-1024x683.jpg 1024w\" sizes=\"(max-width: 300px) 100vw, 300px\" \/> a captat aten\u0163ia international\u0103 \u00een anul 2013, c\u00e2nd\u00a0 noua produc\u0163ie cu opera \u201cDon Carlo\u201d de Verdi \u00a0la Teatrul Bol\u015foi din Moscova, \u00een care l-a \u00eenlocuit la pupitrul dirijoral pe Vasily Sinaisky, i-a adus nominalizarea pentru premiul \u201cMasca de Aur\u201d.<\/p>\n<p>Cu o carier\u0103 consolidat\u0103 \u00een siajul unor renumiti mae\u015ftri ai baghetei \u2013 David Zinman, Seiji Ozawa, Michael Tilson Thomas, Leif Segerstam, Robert Trevino a devenit laureat al Competi\u0163iei interna\u0163ionale de dirijat<strong> \u201c<\/strong>Evgeny Svetlanov\u201d \u00een anul 2010. A activat\u00a0 ca dirijor asociat al New York City Opera (2009-2011) \u015fi al Orchestrei Simfonice din Cincinnati (2011-2015) .<\/p>\n<p>Campion al muzicii contemporane, Robert Trevino a lucrat \u00eendeaproape si a dirijat \u00een premier\u0103 mondial\u0103 lucr\u0103ri ale unor renumi\u021bi compozitori precum Andre Previn, Phillip Glass, Jennifer Higdon, Sofia Gubaidulina.<\/p>\n<p>\u00cen prezent<strong> Robert Trevino<\/strong> este director muzical al Orchestrei Na\u0163ionale Basce, fiind desemnat\u00a0 recent \u015fi dirijor principal al Orchestrei Simfonice din <strong>Malm\u00f6, din stagiunea 2019-2020. <\/strong><\/p>\n<p><strong>\u00a0<\/strong><\/p>\n<ul>\n<li><em>credit photo: DR<\/em><\/li>\n<\/ul>\n","protected":false},"excerpt":{"rendered":"<p>&nbsp; Unul dintre cei mai aprecia\u0163i tineri dirijori americani ai momentului, a captat aten\u0163ia international\u0103 \u00een anul 2013, c\u00e2nd\u00a0 noua produc\u0163ie cu opera \u201cDon Carlo\u201d de Verdi \u00a0la Teatrul Bol\u015foi din Moscova, \u00een care l-a \u00eenlocuit la pupitrul dirijoral pe Vasily Sinaisky, i-a adus nominalizarea pentru premiul \u201cMasca de Aur\u201d. Cu o carier\u0103 consolidat\u0103 \u00een &hellip; <\/p>\n","protected":false},"author":2,"featured_media":377,"parent":0,"menu_order":0,"comment_status":"closed","ping_status":"closed","template":"","meta":[],"_links":{"self":[{"href":"https:\/\/www.radirofestival.ro\/index.php?rest_route=\/wp\/v2\/pages\/286"}],"collection":[{"href":"https:\/\/www.radirofestival.ro\/index.php?rest_route=\/wp\/v2\/pages"}],"about":[{"href":"https:\/\/www.radirofestival.ro\/index.php?rest_route=\/wp\/v2\/types\/page"}],"author":[{"embeddable":true,"href":"https:\/\/www.radirofestival.ro\/index.php?rest_route=\/wp\/v2\/users\/2"}],"replies":[{"embeddable":true,"href":"https:\/\/www.radirofestival.ro\/index.php?rest_route=%2Fwp%2Fv2%2Fcomments&post=286"}],"version-history":[{"count":2,"href":"https:\/\/www.radirofestival.ro\/index.php?rest_route=\/wp\/v2\/pages\/286\/revisions"}],"predecessor-version":[{"id":772,"href":"https:\/\/www.radirofestival.ro\/index.php?rest_route=\/wp\/v2\/pages\/286\/revisions\/772"}],"wp:featuredmedia":[{"embeddable":true,"href":"https:\/\/www.radirofestival.ro\/index.php?rest_route=\/wp\/v2\/media\/377"}],"wp:attachment":[{"href":"https:\/\/www.radirofestival.ro\/index.php?rest_route=%2Fwp%2Fv2%2Fmedia&parent=286"}],"curies":[{"name":"wp","href":"https:\/\/api.w.org\/{rel}","templated":true}]}}

<p>&nbsp;</p>
<p>Unul dintre cei mai apreciaţi tineri dirijori americani ai momentului, <img loading="lazy" class="size-medium wp-image-379 alignleft" src="https://www.radirofestival.ro/wp-content/uploads/2018/09/Robert-Trevino-DIRIJOR2-credit-DR-3-1-300x200.jpg" alt="" width="300" height="200" srcset="https://www.radirofestival.ro/wp-content/uploads/2018/09/Robert-Trevino-DIRIJOR2-credit-DR-3-1-300x200.jpg 300w, https://www.radirofestival.ro/wp-content/uploads/2018/09/Robert-Trevino-DIRIJOR2-credit-DR-3-1-768x512.jpg 768w, https://www.radirofestival.ro/wp-content/uploads/2018/09/Robert-Trevino-DIRIJOR2-credit-DR-3-1-1024x683.jpg 1024w" sizes="(max-width: 300px) 100vw, 300px" /> a captat atenţia internatională în anul 2013, când  noua producţie cu opera “Don Carlo” de Verdi  la Teatrul Bolşoi din Moscova, în care l-a înlocuit la pupitrul dirijoral pe Vasily Sinaisky, i-a adus nominalizarea pentru premiul “Masca de Aur”.</p>
<p>Cu o carieră consolidată în siajul unor renumiti maeştri ai baghetei – David Zinman, Seiji Ozawa, Michael Tilson Thomas, Leif Segerstam, Robert Trevino a devenit laureat al Competiţiei internaţionale de dirijat<strong> “</strong>Evgeny Svetlanov” în anul 2010. A activat  ca dirijor asociat al New York City Opera (2009-2011) şi al Orchestrei Simfonice din Cincinnati (2011-2015) .</p>
<p>Campion al muzicii contemporane, Robert Trevino a lucrat îndeaproape si a dirijat în premieră mondială lucrări ale unor renumiți compozitori precum Andre Previn, Phillip Glass, Jennifer Higdon, Sofia Gubaidulina.</p>
<p>În prezent<strong> Robert Trevino</strong> este director muzical al Orchestrei Naţionale Basce, fiind desemnat  recent şi dirijor principal al Orchestrei Simfonice din <strong>Malmö, din stagiunea 2019-2020. </strong></p>
<p><strong> </strong></p>
<ul>
<li><em>credit photo: DR</em></li>
</ul>

<p>&nbsp; Unul dintre cei mai apreciaţi tineri dirijori americani ai momentului, a captat atenţia internatională în anul 2013, când  noua producţie cu opera “Don Carlo” de Verdi  la Teatrul Bolşoi din Moscova, în care l-a înlocuit la pupitrul dirijoral pe Vasily Sinaisky, i-a adus nominalizarea pentru premiul “Masca de Aur”. Cu o carieră consolidată în &hellip; </p>
