{"id":301,"date":"2018-09-22T09:39:58","date_gmt":"2018-09-22T09:39:58","guid":{"rendered":"http:\/\/www.radirofestival.ro\/?page_id=301"},"modified":"2018-09-24T16:52:25","modified_gmt":"2018-09-24T16:52:25","slug":"david-fray-pianist-2","status":"publish","type":"page","link":"https:\/\/www.radirofestival.ro\/?page_id=301&lang=en","title":{"rendered":"David Fray &#8211; pianist"},"content":{"rendered":"<p><img loading=\"lazy\" class=\"size-medium wp-image-469 alignleft\" src=\"https:\/\/www.radirofestival.ro\/wp-content\/uploads\/2018\/09\/David-Fray-_SOLIST-2_-credit-Sumyo-Ida-2-300x199.jpg\" alt=\"\" width=\"300\" height=\"199\" srcset=\"https:\/\/www.radirofestival.ro\/wp-content\/uploads\/2018\/09\/David-Fray-_SOLIST-2_-credit-Sumyo-Ida-2-300x199.jpg 300w, https:\/\/www.radirofestival.ro\/wp-content\/uploads\/2018\/09\/David-Fray-_SOLIST-2_-credit-Sumyo-Ida-2-768x510.jpg 768w, https:\/\/www.radirofestival.ro\/wp-content\/uploads\/2018\/09\/David-Fray-_SOLIST-2_-credit-Sumyo-Ida-2.jpg 1000w\" sizes=\"(max-width: 300px) 100vw, 300px\" \/>Described by the press as the \u201cperfect example of a thinking musician\u201d (Die Welt), \u00a0winner of the prestigious German Echo Klassik Prize for the recording of his Bach performances, French pianist <strong>David Fray<\/strong> stands out today as one of the most original classical music players, who continues to thrill audiences worldwide as a soloist and recitalist.<\/p>\n<p>Sharing the stage with such renowned conductors as Marin Alsop, Semyon Bychkov, Christoph Eschenbach, Asher Fisch, Daniele Gatti, Paavo J\u00e4rvi , Kurt Masur, Riccardo Muti, Esa-Pekka Salonen, Yannick N\u00e9zet-S\u00e9guin and Jaap van Zweden, David Fray has performed together with European and American orchestras.<\/p>\n<p>This season, the Th\u00e9\u00e2tre des Champs Elys\u00e9es presents a Bach cycle with David Fray performing the concerti for two, three and four pianos, Sonatas with Renaud Capu\u00e7on and Goldberg Variations. \u00a0Mr. Fray returns to North America with the Chicago Symphony, the New York Philharmonic, the Dallas Symphony and the National Arts Centre Orchestra. He gives recitals in Amsterdam, Budapest, Dresden, Milan, Istanbul and tours South Korea and Russia. He partners again with the violinist Renaud Capu\u00e7on for a series of duo recitals throughout Europe. Orchestral collaborations include the Leipzig Gewandhaus Orchestra, the Vienna Radio Symphony and play-directing the Casa da Musica Orchestra in Porto. In recent seasons, Mr. Fray toured Asia with the Dresden Philharmonic and Michael Sanderling, debuted with the Vancouver Symphony Orchestra and in recital at the Prague Spring Festival.<\/p>\n<p>The French pianist records exclusively for Erato\/Warner Classics. His discography features performances of Fr\u00e9d\u00e9ric Chopin, Franz Schubert, Wolfgang Amadeus Mozart, Johann Sebastian Bach and Pierre Boulez.<\/p>\n<p>&nbsp;<\/p>\n<ul>\n<li>c<em>redit photo:\u00a0Sumyo Ida, Paolo Roversi<\/em><\/li>\n<\/ul>\n","protected":false},"excerpt":{"rendered":"<p>Described by the press as the \u201cperfect example of a thinking musician\u201d (Die Welt), \u00a0winner of the prestigious German Echo Klassik Prize for the recording of his Bach performances, French pianist David Fray stands out today as one of the most original classical music players, who continues to thrill audiences worldwide as a soloist and &hellip; <\/p>\n","protected":false},"author":2,"featured_media":470,"parent":0,"menu_order":0,"comment_status":"closed","ping_status":"closed","template":"","meta":[],"_links":{"self":[{"href":"https:\/\/www.radirofestival.ro\/index.php?rest_route=\/wp\/v2\/pages\/301"}],"collection":[{"href":"https:\/\/www.radirofestival.ro\/index.php?rest_route=\/wp\/v2\/pages"}],"about":[{"href":"https:\/\/www.radirofestival.ro\/index.php?rest_route=\/wp\/v2\/types\/page"}],"author":[{"embeddable":true,"href":"https:\/\/www.radirofestival.ro\/index.php?rest_route=\/wp\/v2\/users\/2"}],"replies":[{"embeddable":true,"href":"https:\/\/www.radirofestival.ro\/index.php?rest_route=%2Fwp%2Fv2%2Fcomments&post=301"}],"version-history":[{"count":2,"href":"https:\/\/www.radirofestival.ro\/index.php?rest_route=\/wp\/v2\/pages\/301\/revisions"}],"predecessor-version":[{"id":785,"href":"https:\/\/www.radirofestival.ro\/index.php?rest_route=\/wp\/v2\/pages\/301\/revisions\/785"}],"wp:featuredmedia":[{"embeddable":true,"href":"https:\/\/www.radirofestival.ro\/index.php?rest_route=\/wp\/v2\/media\/470"}],"wp:attachment":[{"href":"https:\/\/www.radirofestival.ro\/index.php?rest_route=%2Fwp%2Fv2%2Fmedia&parent=301"}],"curies":[{"name":"wp","href":"https:\/\/api.w.org\/{rel}","templated":true}]}}

<p><img loading="lazy" class="size-medium wp-image-469 alignleft" src="https://www.radirofestival.ro/wp-content/uploads/2018/09/David-Fray-_SOLIST-2_-credit-Sumyo-Ida-2-300x199.jpg" alt="" width="300" height="199" srcset="https://www.radirofestival.ro/wp-content/uploads/2018/09/David-Fray-_SOLIST-2_-credit-Sumyo-Ida-2-300x199.jpg 300w, https://www.radirofestival.ro/wp-content/uploads/2018/09/David-Fray-_SOLIST-2_-credit-Sumyo-Ida-2-768x510.jpg 768w, https://www.radirofestival.ro/wp-content/uploads/2018/09/David-Fray-_SOLIST-2_-credit-Sumyo-Ida-2.jpg 1000w" sizes="(max-width: 300px) 100vw, 300px" />Described by the press as the “perfect example of a thinking musician” (Die Welt),  winner of the prestigious German Echo Klassik Prize for the recording of his Bach performances, French pianist <strong>David Fray</strong> stands out today as one of the most original classical music players, who continues to thrill audiences worldwide as a soloist and recitalist.</p>
<p>Sharing the stage with such renowned conductors as Marin Alsop, Semyon Bychkov, Christoph Eschenbach, Asher Fisch, Daniele Gatti, Paavo Järvi , Kurt Masur, Riccardo Muti, Esa-Pekka Salonen, Yannick Nézet-Séguin and Jaap van Zweden, David Fray has performed together with European and American orchestras.</p>
<p>This season, the Théâtre des Champs Elysées presents a Bach cycle with David Fray performing the concerti for two, three and four pianos, Sonatas with Renaud Capuçon and Goldberg Variations.  Mr. Fray returns to North America with the Chicago Symphony, the New York Philharmonic, the Dallas Symphony and the National Arts Centre Orchestra. He gives recitals in Amsterdam, Budapest, Dresden, Milan, Istanbul and tours South Korea and Russia. He partners again with the violinist Renaud Capuçon for a series of duo recitals throughout Europe. Orchestral collaborations include the Leipzig Gewandhaus Orchestra, the Vienna Radio Symphony and play-directing the Casa da Musica Orchestra in Porto. In recent seasons, Mr. Fray toured Asia with the Dresden Philharmonic and Michael Sanderling, debuted with the Vancouver Symphony Orchestra and in recital at the Prague Spring Festival.</p>
<p>The French pianist records exclusively for Erato/Warner Classics. His discography features performances of Frédéric Chopin, Franz Schubert, Wolfgang Amadeus Mozart, Johann Sebastian Bach and Pierre Boulez.</p>
<p>&nbsp;</p>
<ul>
<li>c<em>redit photo: Sumyo Ida, Paolo Roversi</em></li>
</ul>
