{"id":307,"date":"2018-09-22T09:42:00","date_gmt":"2018-09-22T09:42:00","guid":{"rendered":"http:\/\/www.radirofestival.ro\/?page_id=307"},"modified":"2018-09-22T12:44:23","modified_gmt":"2018-09-22T12:44:23","slug":"andrei-ionita-violoncelist","status":"publish","type":"page","link":"https:\/\/www.radirofestival.ro\/?page_id=307","title":{"rendered":"Andrei Ioni\u0163\u0103 &#8211; violoncelist"},"content":{"rendered":"<p>&nbsp;<\/p>\n<p><img loading=\"lazy\" class=\" wp-image-332 alignleft\" src=\"https:\/\/www.radirofestival.ro\/wp-content\/uploads\/2018\/09\/Andrei-Ionita-_SOLIST-4_-Nikolaj-Lund-1-200x300.jpg\" alt=\"\" width=\"155\" height=\"233\" srcset=\"https:\/\/www.radirofestival.ro\/wp-content\/uploads\/2018\/09\/Andrei-Ionita-_SOLIST-4_-Nikolaj-Lund-1-200x300.jpg 200w, https:\/\/www.radirofestival.ro\/wp-content\/uploads\/2018\/09\/Andrei-Ionita-_SOLIST-4_-Nikolaj-Lund-1-768x1152.jpg 768w, https:\/\/www.radirofestival.ro\/wp-content\/uploads\/2018\/09\/Andrei-Ionita-_SOLIST-4_-Nikolaj-Lund-1-683x1024.jpg 683w\" sizes=\"(max-width: 155px) 100vw, 155px\" \/>Descris de publica\u0163ia <em>The Times<\/em> \u00a0drept &#8222;unul dintre cei mai captivan\u0163i violonceli\u015fti care s-au afirmat \u00een ultimul deceniu&#8221;,\u00a0Andrei Ioni\u0163\u0103\u00a0a c\u00e2\u015ftigat premiul I la Concursul Interna\u0163ional Ceaikovski \u00een 2015 \u015fi premii la competi\u0163iile ARD, Emanuel Feuermann \u015fi Aram Khachaturian. \u00cen 2016 a fost desemnat &#8222;BBC New Generation Artist&#8221; pentru perioada 2016-2018.<\/p>\n<p>Andrei Ioni\u0163\u0103 a interpretat concerte al\u0103turi de Filarmonica din M\u00fcnchen, Deutsches Symphonie-Orchester Berlin, Orchestra \u00a0Teatrului Mariinsky \u0219i Orchestra Filarmonicii din St. Petersburg, Filarmonica Ceh\u0103, Orchestra Simfonic\u0103 Radio din Viena \u015fi Orchestra Filarmonicii din Tokyo.\u00a0 A colaborat cu dirijori precum Valery Gergiev, Mikhail Pletnev \u015fi Nicholas Collon. Recenta stagiune a inclus un concert la Carnegie Hall, debutul la Wigmore Hall , precum \u015fi apari\u0163ii la Festivalul de la Verbier sau Konzerthaus Berlin.<\/p>\n<p>Andrei Ioni\u0163\u0103 interpreteaz\u0103 pe un instrument de colec\u0163ie\u00a0 Giovanni Battista Rogeri (Brescia, 1671) \u00a0oferit prin generozitatea funda\u0163iei\u00a0 <em>Deutsche Stiftung Musikleben<\/em>.<\/p>\n<p>&nbsp;<\/p>\n<p>&nbsp;<\/p>\n<p>&nbsp;<\/p>\n<p>&nbsp;<\/p>\n<p>&nbsp;<\/p>\n<ul>\n<li><em>credit foto: Nikolaj Lund<\/em><\/li>\n<\/ul>\n","protected":false},"excerpt":{"rendered":"<p>&nbsp; Descris de publica\u0163ia The Times \u00a0drept &#8222;unul dintre cei mai captivan\u0163i violonceli\u015fti care s-au afirmat \u00een ultimul deceniu&#8221;,\u00a0Andrei Ioni\u0163\u0103\u00a0a c\u00e2\u015ftigat premiul I la Concursul Interna\u0163ional Ceaikovski \u00een 2015 \u015fi premii la competi\u0163iile ARD, Emanuel Feuermann \u015fi Aram Khachaturian. \u00cen 2016 a fost desemnat &#8222;BBC New Generation Artist&#8221; pentru perioada 2016-2018. Andrei Ioni\u0163\u0103 a interpretat &hellip; <\/p>\n","protected":false},"author":2,"featured_media":330,"parent":0,"menu_order":0,"comment_status":"closed","ping_status":"closed","template":"","meta":[],"_links":{"self":[{"href":"https:\/\/www.radirofestival.ro\/index.php?rest_route=\/wp\/v2\/pages\/307"}],"collection":[{"href":"https:\/\/www.radirofestival.ro\/index.php?rest_route=\/wp\/v2\/pages"}],"about":[{"href":"https:\/\/www.radirofestival.ro\/index.php?rest_route=\/wp\/v2\/types\/page"}],"author":[{"embeddable":true,"href":"https:\/\/www.radirofestival.ro\/index.php?rest_route=\/wp\/v2\/users\/2"}],"replies":[{"embeddable":true,"href":"https:\/\/www.radirofestival.ro\/index.php?rest_route=%2Fwp%2Fv2%2Fcomments&post=307"}],"version-history":[{"count":5,"href":"https:\/\/www.radirofestival.ro\/index.php?rest_route=\/wp\/v2\/pages\/307\/revisions"}],"predecessor-version":[{"id":359,"href":"https:\/\/www.radirofestival.ro\/index.php?rest_route=\/wp\/v2\/pages\/307\/revisions\/359"}],"wp:featuredmedia":[{"embeddable":true,"href":"https:\/\/www.radirofestival.ro\/index.php?rest_route=\/wp\/v2\/media\/330"}],"wp:attachment":[{"href":"https:\/\/www.radirofestival.ro\/index.php?rest_route=%2Fwp%2Fv2%2Fmedia&parent=307"}],"curies":[{"name":"wp","href":"https:\/\/api.w.org\/{rel}","templated":true}]}}

Andrei Ioniţă &#8211; violoncelist

<p>&nbsp;</p>
<p><img loading="lazy" class=" wp-image-332 alignleft" src="https://www.radirofestival.ro/wp-content/uploads/2018/09/Andrei-Ionita-_SOLIST-4_-Nikolaj-Lund-1-200x300.jpg" alt="" width="155" height="233" srcset="https://www.radirofestival.ro/wp-content/uploads/2018/09/Andrei-Ionita-_SOLIST-4_-Nikolaj-Lund-1-200x300.jpg 200w, https://www.radirofestival.ro/wp-content/uploads/2018/09/Andrei-Ionita-_SOLIST-4_-Nikolaj-Lund-1-768x1152.jpg 768w, https://www.radirofestival.ro/wp-content/uploads/2018/09/Andrei-Ionita-_SOLIST-4_-Nikolaj-Lund-1-683x1024.jpg 683w" sizes="(max-width: 155px) 100vw, 155px" />Descris de publicaţia <em>The Times</em>  drept &#8222;unul dintre cei mai captivanţi violoncelişti care s-au afirmat în ultimul deceniu&#8221;, Andrei Ioniţă a câştigat premiul I la Concursul Internaţional Ceaikovski în 2015 şi premii la competiţiile ARD, Emanuel Feuermann şi Aram Khachaturian. În 2016 a fost desemnat &#8222;BBC New Generation Artist&#8221; pentru perioada 2016-2018.</p>
<p>Andrei Ioniţă a interpretat concerte alături de Filarmonica din München, Deutsches Symphonie-Orchester Berlin, Orchestra  Teatrului Mariinsky și Orchestra Filarmonicii din St. Petersburg, Filarmonica Cehă, Orchestra Simfonică Radio din Viena şi Orchestra Filarmonicii din Tokyo.  A colaborat cu dirijori precum Valery Gergiev, Mikhail Pletnev şi Nicholas Collon. Recenta stagiune a inclus un concert la Carnegie Hall, debutul la Wigmore Hall , precum şi apariţii la Festivalul de la Verbier sau Konzerthaus Berlin.</p>
<p>Andrei Ioniţă interpretează pe un instrument de colecţie  Giovanni Battista Rogeri (Brescia, 1671)  oferit prin generozitatea fundaţiei  <em>Deutsche Stiftung Musikleben</em>.</p>
<p>&nbsp;</p>
<p>&nbsp;</p>
<p>&nbsp;</p>
<p>&nbsp;</p>
<p>&nbsp;</p>
<ul>
<li><em>credit foto: Nikolaj Lund</em></li>
</ul>

<p>&nbsp; Descris de publicaţia The Times  drept &#8222;unul dintre cei mai captivanţi violoncelişti care s-au afirmat în ultimul deceniu&#8221;, Andrei Ioniţă a câştigat premiul I la Concursul Internaţional Ceaikovski în 2015 şi premii la competiţiile ARD, Emanuel Feuermann şi Aram Khachaturian. În 2016 a fost desemnat &#8222;BBC New Generation Artist&#8221; pentru perioada 2016-2018. Andrei Ioniţă a interpretat &hellip; </p>
