{"id":645,"date":"2018-09-24T08:37:56","date_gmt":"2018-09-24T08:37:56","guid":{"rendered":"http:\/\/www.radirofestival.ro\/?page_id=645"},"modified":"2018-09-24T17:18:15","modified_gmt":"2018-09-24T17:18:15","slug":"simone-lamsma-violonist","status":"publish","type":"page","link":"https:\/\/www.radirofestival.ro\/?page_id=645&lang=en","title":{"rendered":"Simone Lamsma Violonist"},"content":{"rendered":"<p><img loading=\"lazy\" class=\"size-medium wp-image-421 alignleft\" src=\"https:\/\/www.radirofestival.ro\/wp-content\/uploads\/2018\/09\/Simone-Lamsma_SOLIST-2_credit-Otto-van-den-Toorn-8-300x200.jpg\" alt=\"\" width=\"300\" height=\"200\" srcset=\"https:\/\/www.radirofestival.ro\/wp-content\/uploads\/2018\/09\/Simone-Lamsma_SOLIST-2_credit-Otto-van-den-Toorn-8-300x200.jpg 300w, https:\/\/www.radirofestival.ro\/wp-content\/uploads\/2018\/09\/Simone-Lamsma_SOLIST-2_credit-Otto-van-den-Toorn-8-768x512.jpg 768w, https:\/\/www.radirofestival.ro\/wp-content\/uploads\/2018\/09\/Simone-Lamsma_SOLIST-2_credit-Otto-van-den-Toorn-8-1024x683.jpg 1024w, https:\/\/www.radirofestival.ro\/wp-content\/uploads\/2018\/09\/Simone-Lamsma_SOLIST-2_credit-Otto-van-den-Toorn-8.jpg 1400w\" sizes=\"(max-width: 300px) 100vw, 300px\" \/>With performances acclaimed on the worlds\u2019 most renowned musical stages, enjoying amazingly favorable reviews, violinist <strong>Simone Lamsma<\/strong> has met the Romanian audience last year, when she made her debut at the Enescu Festival, together with the Les Si\u00e8cles ensemble, under the baton of Fran\u00e7ois-Xavier Roth.<\/p>\n<p>The Dutch violinist holds an impressive repertoire of over 60 concerts and numerous chamber performances. She has premiered in several contemporary performances, such as the Concerto by Matijs de Roo (first world premiere) and the Concerto by Michel van der Aa (first premiere in France). Besides her close collaboration with Jaap van Zweden, Simone has worked with many other eminent conductors including Vladimir Jurowski, Sir Neville Marriner, Yannick N\u00e9zet-S\u00e9guin, Jukka-Pekka Saraste, James Gaffigan, Sir Andrew Davis, Mark Wigglesworth, Andr\u00e8s Orozco-Estrada, Ji\u0159\u00ed B\u011blohl\u00e1vek, Carlos Kalmar, Marc Albrecht, St\u00e9phane Den\u00e8ve, Edo de Waart, Hannu Lintu, Juanjo Mena, Yan Pascal Tortelier, Lawrence Foster and Robert Trevino.<\/p>\n<p>Simone Lamsma plays the Stradivarius \u201cMlynarski\u201d (1718) violin.<\/p>\n<p>&nbsp;<\/p>\n<ul>\n<li><em>credit photo: Otto-van-den-Toorn,\u00a0Merlijn-Doomernik<\/em><\/li>\n<\/ul>\n","protected":false},"excerpt":{"rendered":"<p>With performances acclaimed on the worlds\u2019 most renowned musical stages, enjoying amazingly favorable reviews, violinist Simone Lamsma has met the Romanian audience last year, when she made her debut at the Enescu Festival, together with the Les Si\u00e8cles ensemble, under the baton of Fran\u00e7ois-Xavier Roth. The Dutch violinist holds an impressive repertoire of over 60 &hellip; <\/p>\n","protected":false},"author":2,"featured_media":422,"parent":0,"menu_order":0,"comment_status":"closed","ping_status":"closed","template":"","meta":[],"_links":{"self":[{"href":"https:\/\/www.radirofestival.ro\/index.php?rest_route=\/wp\/v2\/pages\/645"}],"collection":[{"href":"https:\/\/www.radirofestival.ro\/index.php?rest_route=\/wp\/v2\/pages"}],"about":[{"href":"https:\/\/www.radirofestival.ro\/index.php?rest_route=\/wp\/v2\/types\/page"}],"author":[{"embeddable":true,"href":"https:\/\/www.radirofestival.ro\/index.php?rest_route=\/wp\/v2\/users\/2"}],"replies":[{"embeddable":true,"href":"https:\/\/www.radirofestival.ro\/index.php?rest_route=%2Fwp%2Fv2%2Fcomments&post=645"}],"version-history":[{"count":2,"href":"https:\/\/www.radirofestival.ro\/index.php?rest_route=\/wp\/v2\/pages\/645\/revisions"}],"predecessor-version":[{"id":821,"href":"https:\/\/www.radirofestival.ro\/index.php?rest_route=\/wp\/v2\/pages\/645\/revisions\/821"}],"wp:featuredmedia":[{"embeddable":true,"href":"https:\/\/www.radirofestival.ro\/index.php?rest_route=\/wp\/v2\/media\/422"}],"wp:attachment":[{"href":"https:\/\/www.radirofestival.ro\/index.php?rest_route=%2Fwp%2Fv2%2Fmedia&parent=645"}],"curies":[{"name":"wp","href":"https:\/\/api.w.org\/{rel}","templated":true}]}}

<p><img loading="lazy" class="size-medium wp-image-421 alignleft" src="https://www.radirofestival.ro/wp-content/uploads/2018/09/Simone-Lamsma_SOLIST-2_credit-Otto-van-den-Toorn-8-300x200.jpg" alt="" width="300" height="200" srcset="https://www.radirofestival.ro/wp-content/uploads/2018/09/Simone-Lamsma_SOLIST-2_credit-Otto-van-den-Toorn-8-300x200.jpg 300w, https://www.radirofestival.ro/wp-content/uploads/2018/09/Simone-Lamsma_SOLIST-2_credit-Otto-van-den-Toorn-8-768x512.jpg 768w, https://www.radirofestival.ro/wp-content/uploads/2018/09/Simone-Lamsma_SOLIST-2_credit-Otto-van-den-Toorn-8-1024x683.jpg 1024w, https://www.radirofestival.ro/wp-content/uploads/2018/09/Simone-Lamsma_SOLIST-2_credit-Otto-van-den-Toorn-8.jpg 1400w" sizes="(max-width: 300px) 100vw, 300px" />With performances acclaimed on the worlds’ most renowned musical stages, enjoying amazingly favorable reviews, violinist <strong>Simone Lamsma</strong> has met the Romanian audience last year, when she made her debut at the Enescu Festival, together with the Les Siècles ensemble, under the baton of François-Xavier Roth.</p>
<p>The Dutch violinist holds an impressive repertoire of over 60 concerts and numerous chamber performances. She has premiered in several contemporary performances, such as the Concerto by Matijs de Roo (first world premiere) and the Concerto by Michel van der Aa (first premiere in France). Besides her close collaboration with Jaap van Zweden, Simone has worked with many other eminent conductors including Vladimir Jurowski, Sir Neville Marriner, Yannick Nézet-Séguin, Jukka-Pekka Saraste, James Gaffigan, Sir Andrew Davis, Mark Wigglesworth, Andrès Orozco-Estrada, Jiří Bělohlávek, Carlos Kalmar, Marc Albrecht, Stéphane Denève, Edo de Waart, Hannu Lintu, Juanjo Mena, Yan Pascal Tortelier, Lawrence Foster and Robert Trevino.</p>
<p>Simone Lamsma plays the Stradivarius “Mlynarski” (1718) violin.</p>
<p>&nbsp;</p>
<ul>
<li><em>credit photo: Otto-van-den-Toorn, Merlijn-Doomernik</em></li>
</ul>

<p>With performances acclaimed on the worlds’ most renowned musical stages, enjoying amazingly favorable reviews, violinist Simone Lamsma has met the Romanian audience last year, when she made her debut at the Enescu Festival, together with the Les Siècles ensemble, under the baton of François-Xavier Roth. The Dutch violinist holds an impressive repertoire of over 60 &hellip; </p>
